)?
-189
Let v(l) = 2*l**3 - 100*l**2 + 315*l + 2422. Give v(46).
-16
Let p(u) = 130*u - 1669. Give p(13).
21
Let y(t) = -3*t**2 + 310*t - 3380. Give y(91).
-13
Let c(q) = -6*q**2 - 1451*q - 302. What is c(-243)?
-2003
Let o(t) = -t**3 - 394*t**2 + 393*t + 154825. Determine o(-394).
-17
Let x(v) = -63604*v**2 + 8840955*v + 138. Give x(139).
-1
Let y(o) = 2*o**2 + 199*o - 813607. What is y(590)?
3
Let b(x) = -4*x**3 - 159*x**2 - 208*x + 857. Calculate b(-38).
-1347
Let i(l) = 6*l**2 + 1583*l + 10948. Give i(-7).
161
Let f(l) = 1601*l - 12220. Calculate f(7).
-1013
Let p(z) = -413*z**2 - 92949*z - 5405. What is p(-225)?
-5
Let u(w) = 5*w**2 + 3210*w - 2937594. What is u(510)?
6
Let y(l) = -31*l**2 + 3800*l - 11319. Give y(3).
-198
Let v(b) = 31*b**2 - 4*b - 194. Give v(0).
-194
Let i(w) = 7780*w - 233394. Determine i(30).
6
Let g(b) = 4143*b - 8309. Determine g(2).
-23
Let k(u) = -5*u**2 + 46*u - 697. Determine k(18).
-1489
Let v(s) = -108399*s + 57. Give v(0).
57
Let o(y) = 10*y**3 - 4*y**2 - 1440*y - 1434. Calculate o(-1).
-8
Let o(n) = -n**2 - 9534*n - 549637. What is o(-58)?
-29
Let n(w) = -32295*w - 193772. Calculate n(-6).
-2
Let v(g) = g**2 + 595*g + 38989. Determine v(-75).
-11
Let i(n) = -1057*n - 170194. Calculate i(-161).
-17
Let v(o) = o**2 - 1034*o - 27568. Determine v(-26).
-8
Let w(b) = 9*b**3 - 15*b**2 - 278*b - 490. Calculate w(-2).
-66
Let s(z) = z**3 - 314*z**2 + 2915*z - 616415. Determine s(311).
-13
Let b(a) = -4*a**3 + 123*a**2 - 431*a + 14385. Give b(31).
63
Let y(w) = w**2 - 1099*w - 7762. What is y(-7)?
-20
Let x(z) = z**3 - 62*z**2 - 1436*z + 41. Give x(80).
361
Let h(j) = 233*j**2 + 136282*j - 13449. What is h(-585)?
6
Let s(x) = x**3 + 35*x**2 - 221*x - 7759. Determine s(-35).
-24
Let v(h) = -91622*h - 824725. Give v(-9).
-127
Let x(k) = 623962*k - 2495855. Give x(4).
-7
Let o(i) = 26*i**2 - 273*i. Give o(9).
-351
Let q(l) = 7994*l - 62347. What is q(8)?
1605
Let f(t) = 1167*t + 84004. Give f(-72).
-20
Let p(b) = -45*b**2 - b + 407. What is p(0)?
407
Let o(h) = -h**3 + 84*h**2 - 598*h - 594. Determine o(76).
166
Let i(p) = 26*p**2 + 1519*p - 128. Give i(-60).
2332
Let l(s) = -110*s**2 + 1685*s + 70. Determine l(15).
595
Let l(n) = 14*n**2 - 987*n + 147. Calculate l(68).
-2233
Let s(b) = -6*b**3 - 107*b**2 - 67*b + 2826. Calculate s(-15).
6
Let n(k) = -k**3 - 4*k**2 + 888*k + 5976. Determine n(-7).
-93
Let o(b) = -23809*b - 4428461. Determine o(-186).
13
Let l(q) = 25*q**2 - 4831*q + 210319. Calculate l(127).
7
Let c(p) = -6091973*p - 18275926. Calculate c(-3).
-7
Let o(l) = l**2 + 4188*l + 66772. Calculate o(-16).
20
Let t(b) = b**3 - 2081*b**2 + 28*b. Give t(0).
0
Let m(k) = -10756*k + 21469. Give m(2).
-43
Let n(m) = -m**2 + 1254*m + 54447. What is n(-42)?
15
Let d(q) = -q**3 - 191*q**2 + 57*q + 10894. Give d(-191).
7
Let w(v) = -v**3 + 189*v**2 - 398*v + 111718. Give w(190).
-2
Let j(o) = o**2 + 1560*o + 14152. Give j(-9).
193
Let d(i) = -598*i**2 + 101060*i + 308. Calculate d(169).
-30
Let x(v) = 12*v**2 + 13478*v + 80861. Give x(-6).
425
Let p(g) = 552*g + 2806. Calculate p(-5).
46
Let t(l) = -13*l**2 - 3455*l - 54976. Calculate t(-17).
2
Let z(d) = 2*d**3 - 378*d**2 + d - 123. Determine z(189).
66
Let x(o) = 135*o**3 - 2163*o**2 + 47*o + 8. Determine x(16).
-8
Let w(y) = -2902*y + 2937. Give w(1).
35
Let u(s) = -17*s**2 + 247*s - 20. Determine u(8).
868
Let a(g) = -g**3 + 171*g**2 + 2381*g + 2038. Calculate a(184).
14
Let i(c) = -9*c**3 + 29*c**2 - 75*c - 9. What is i(4)?
-421
Let m(f) = 64869*f - 5578719. What is m(86)?
15
Let s(y) = -1081*y + 38798. What is s(35)?
963
Let o(m) = -8*m**2 - 2212*m + 12813. Determine o(-282).
405
Let l(o) = -13120*o + 13211837. What is l(1007)?
-3
Let v(t) = t**3 + 211*t**2 + 1639*t + 3043. What is v(-203)?
-2
Let z(n) = -n**3 - 84*n**2 + 542*n + 37. Give z(6).
49
Let v(i) = -2*i**3 - 29*i**2 - 144*i - 1180. Determine v(-13).
185
Let j(a) = -30883*a + 833829. Calculate j(27).
-12
Let f(m) = 6586*m - 14612. Determine f(2).
-1440
Let p(j) = -2617*j + 413380. Determine p(158).
-106
Let n(s) = s**3 - 141*s**2 - 317*s + 100853. What is n(138)?
-25
Let y(w) = 11*w**2 + 1155*w - 1573. Calculate y(-108).
1991
Let g(l) = -79528*l + 15667012. What is g(197)?
-4
Let y(q) = -q**3 + 112*q**2 + 8*q - 3. Determine y(0).
-3
Let u(r) = r**3 + 426*r**2 + 4041*r - 383746. Calculate u(-414).
32
Let c(r) = 143*r**2 + 493*r + 1963. Calculate c(-4).
2279
Let i(c) = -4*c**2 - 6957*c - 164680. Give i(-24).
-16
Let m(h) = h**3 - 9*h**2 - 288*h - 1. Give m(-13).
25
Let z(n) = -2379*n - 59476. Calculate z(-25).
-1
Let k(z) = 13*z**2 + 27696*z + 303072. Give k(-11).
-11
Let x(k) = 14338681*k + 100370766. Determine x(-7).
-1
Let s(y) = 2*y**2 + 1136*y - 24649. Calculate s(21).
89
Let o(h) = -h**2 + 2491*h - 381645. Give o(164).
-17
Let f(r) = 16157*r - 129265. Determine f(8).
-9
Let m(d) = 4*d**2 - 102*d - 150. Give m(22).
-458
Let t(o) = -6215*o - 99494. Determine t(-16).
-54
Let l(a) = -6741*a - 40441. Determine l(-6).
5
Let i(t) = 3587*t - 84115. Calculate i(24).
1973
Let l(b) = 748*b**2 - 13482*b + 329. Give l(18).
5
Let j(h) = -21*h**2 - 584*h - 6045. Determine j(-11).
-2162
Let i(m) = -4*m**3 - 9*m**2 - 129*m - 918. What is i(-7)?
916
Let f(p) = -5251*p**2 + 136537*p - 230. Calculate f(26).
56
Let h(r) = -r**2 + 99*r + 1469. What is h(61)?
3787
Let v(l) = -226*l**3 - 1357*l**2 + 1554*l + 9367. What is v(-6)?
7
Let d(y) = 8386*y**2 + 58703*y + 14. Determine d(-7).
7
Let w(k) = -18*k**2 - 14343*k - 1989343. Give w(-618).
-1
Let n(x) = -1431*x - 515189. What is n(-360)?
-29
Let g(i) = -i**2 - 34*i + 329. Determine g(-50).
-471
Let l(h) = 69102*h - 414618. What is l(6)?
-6
Let p(v) = 9*v**2 - 319*v - 5940. Calculate p(49).
38
Let t(k) = k**3 - 556*k**2 - 161791*k + 9711. Calculate t(-211).
5
Let m(u) = 2*u**3 + 6*u**2 - 436*u + 852. Give m(2).
20
Let g(k) = k**2 + 79*k - 7843. Give g(58).
103
Let m(a) = a**3 - 13*a**2 + 417*a - 6984. Calculate m(16).
456
Let v(r) = -42*r**3 - 2408*r**2 + 1621*r - 176. Give v(-58).
-2
Let o(s) = 3*s**3 + 74*s**2 - 596*s - 14093. Give o(-25).
182
Let j(q) = -q**2 + 643*q + 6281. Determine j(-10).
-249
Let q(a) = -20*a**2 - 11932*a + 233943. Calculate q(19).
15
Let p(r) = 343*r - 44647. Calculate p(132).
629
Let y(g) = -g**2 - 5428*g - 54194. Calculate y(-10).
-14
Let m(u) = -155*u**2 - 2433*u - 9764. Calculate m(-4).
-2512
Let l(r) = -363*r - 11357. Determine l(-31).
-104
Let p(j) = -2*j**2 + 1377*j - 56906. Calculate p(44).
-190
Let i(c) = 284*c**2 + 4235*c + 43. Determine i(-15).
418
Let y(f) = -58*f**3 + 176*f**2 - 30*f + 75. What is y(3)?
3
Let b(i) = 6*i**2 - 679*i + 6702. What is b(11)?
-41
Let i(g) = 3*g**2 + 270*g - 2668. What is i(-99)?
5
Let r(l) = -l**3 - 116*l**2 - 134*l - 2245. What is r(-115)?
-60
Let r(s) = -27*s**2 + 139*s + 8016. Give r(20).
-4
Let w(l) = -15*l**2 - 3121*l + 24814. What is w(8)?
-1114
Let j(s) = 6127*s**2 + 147045*s - 107. Calculate j(-24).
-35
Let y(c) = -98*c + 1475. Determine y(0).
1475
Let y(n) = -933*n**3 - 79*n**2 - n - 2. Give y(-1).
853
Let z(x) = -381*x - 30410. Calculate z(-79).
-311
Let t(u) = 300*u**3 + 3*u**2 - 11*u - 24. Calculate t(-2).
-2390
Let z(m) = -3*m**3 + 11*m**2 + 340*m - 1790. Determine z(6).
-2
Let c(w) = w**2 + 1692*w + 537636. What is c(-424)?
4
Let d(r) = 11*r - 695. Calculate d(90).
295
Let m(k) = k**3 - 42*k**2 - 94*k + 373. Determine m(43).
-1820
Let z(u) = 262039*u - 2096324. Calculate z(8).
-12
Let f(o) = -o**3 + 131*o**2 + 138*o - 310. Give f(132).
482
Let n(h) = 1098*h**2 + 3307*h + 32. What is n(-3)?
-7
Let t(m) = 170*m**2 + 529*m - 7. Calculate t(-3).
-64
Let q(m) = 43*m**2 + 556*m - 20. Calculate q(-13).
19
Let p(r) = -21*r**3 - 2564*r**2 - 265*r - 2615. Calculate p(-122).
-53
Let y(u) = u**3 - 10*u**2 + 23*u - 35. Calculate y(7).
-21
Let g(h) = -592560*h - 2962805. What is g(-5)?
-5
Let a(d) = -2*d**2 - 1017*d - 90468. Give a(-115).
37
Let m(h) = 3*h**3 - 394*h**2 + 8981*h - 518. Determine m(102).
-8
Let a(g) = 2*g**3 + 61*g**2 - 235*g - 2304. What is a(-33)?
6
Let d(s) = 2*s**3 - 167*s**2 + 84*s - 80. Determine d(83).
3
Let k(f) = -2*f**3 - 144*f**2 - 487*f - 4917. Give k(-69).
120
Let n(d) = 981*d - 67257. What is n(68)?
-549
Let d(q) = q**2 - 13064*q - 91448. What is d(-7)?
49
Let a(q) = -1901*q 